 divided by 14.
9
What is the remainder when 9908 is divided by 707?
10
What is the remainder when 11391 is divided by 5690?
11
What is the remainder when 12271 is divided by 332?
319
What is the remainder when 17595 is divided by 7760?
2075
What is the remainder when 29482 is divided by 108?
106
What is the remainder when 1644680 is divided by 303?
299
What is the remainder when 7968267 is divided by 41?
40
What is the remainder when 266888 is divided by 91?
76
Calculate the remainder when 6006 is divided by 1812.
570
What is the remainder when 17758 is divided by 17747?
11
Calculate the remainder when 5420 is divided by 1802.
14
Calculate the remainder when 61 is divided by 49.
12
Calculate the remainder when 3081 is divided by 664.
425
What is the remainder when 87436 is divided by 43715?
6
Calculate the remainder when 292 is divided by 19.
7
Calculate the remainder when 440597 is divided by 2703.
8
What is the remainder when 791 is divided by 86?
17
What is the remainder when 8719 is divided by 878?
817
Calculate the remainder when 341 is divided by 161.
19
What is the remainder when 5632 is divided by 85?
22
What is the remainder when 7765 is divided by 179?
68
What is the remainder when 86197 is divided by 2868?
157
What is the remainder when 7462 is divided by 2459?
85
What is the remainder when 19483 is divided by 23?
2
Calculate the remainder when 19896 is divided by 33.
30
Calculate the remainder when 42145 is divided by 11.
4
Calculate the remainder when 29867 is divided by 360.
347
Calculate the remainder when 10430 is divided by 283.
242
What is the remainder when 27375 is divided by 162?
159
What is the remainder when 347 is divided by 32?
27
Calculate the remainder when 1711846 is divided by 997.
994
What is the remainder when 86251 is divided by 61?
58
Calculate the remainder when 186565 is divided by 11.
5
Calculate the remainder when 2170 is divided by 22.
14
What is the remainder when 49965 is divided by 56?
13
Calculate the remainder when 37466 is divided by 207.
206
Calculate the remainder when 3321 is divided by 1660.
1
What is the remainder when 34487 is divided by 18?
17
Calculate the remainder when 3084 is divided by 600.
84
What is the remainder when 14768 is divided by 14717?
51
Calculate the remainder when 3173 is divided by 196.
37
Calculate the remainder when 21728 is divided by 1151.
1010
What is the remainder when 16794 is divided by 442?
440
What is the remainder when 2206 is divided by 70?
36
Calculate the remainder when 2124 is divided by 140.
24
What is the remainder when 960 is divided by 5?
0
What is the remainder when 15091 is divided by 627?
43
What is the remainder when 157434 is divided by 23?
22
Calculate the remainder when 15942 is divided by 7801.
340
Calculate the remainder when 5144 is divided by 1286.
0
Calculate the remainder when 30057 is divided by 16.
9
Calculate the remainder when 8751 is divided by 1093.
7
Calculate the remainder when 25525 is divided by 224.
213
Calculate the remainder when 3974 is divided by 1322.
8
Calculate the remainder when 1342 is divided by 256.
62
What is the remainder when 87351 is divided by 753?
3
What is the remainder when 109796 is divided by 61?
57
What is the remainder when 48987 is divided by 4081?
15
Calculate the remainder when 4504 is divided by 2241.
22
What is the remainder when 24719 is divided by 55?
24
What is the remainder when 183158 is divided by 949?
1
What is the remainder when 1423 is divided by 390?
253
Calculate the remainder when 3521 is divided by 1247.
1027
Calculate the remainder when 19700 is divided by 78.
44
Calculate the remainder when 2367 is divided by 2354.
13
Calculate the remainder when 1553 is divided by 1535.
18
What is the remainder when 28275 is divided by 20?
15
Calculate the remainder when 388697 is divided by 46.
43
What is the remainder when 20423 is divided by 62?
25
Calculate the remainder when 53603 is divided by 17826.
125
What is the remainder when 61280 is divided by 7?
2
Calculate the remainder when 73701 is divided by 619.
40
Calculate the remainder when 1068794 is divided by 351.
350
What is the remainder when 210145 is divided by 358?
357
Calculate the remainder when 3103 is divided by 196.
163
Calculate the remainder when 15653 is divided by 3.
2
Calculate the remainder when 970 is divided by 18.
16
What is the remainder when 114897 is divided by 383?
380
What is the remainder when 812615 is divided by 334?
327
What is the remainder when 4979 is divided by 4852?
127
What is the remainder when 7523 is divided by 17?
9
What is the remainder when 2020 is divided by 415?
360
Calculate the remainder when 67 is divided by 53.
14
What is the remainder when 835 is divided by 249?
88
Calculate the remainder when 45485 is divided by 18.
17
Calculate the remainder when 20127 is divided by 281.
176
What is the remainder when 25498 is divided by 979?
44
Calculate the remainder when 2184 is divided by 269.
32
What is the remainder when 93237 is divided by 12?
9
Calculate the remainder when 907076 is divided by 438.
416
Calculate the remainder when 3316 is divided by 10.
6
What is the remainder when 18329 is divided by 837?
752
Calculate the remainder when 54680 is divided by 7810.
10
What is the remainder when 31683 is divided by 473?
465
Calculate the remainder when 6118 is divided by 1102.
608
Calculate the remainder when 29282 is divided by 212.
26
Calculate the remainder when 2223 is divided by 1026.
171
Calculate the remainder when 45050 is divided by 14810.
620
What is the remainder when 1705806 is divided by 1807?
1805
Calculate the remainder when 109115 is divided by 267.
179
What is the remainder when 3256 is divided by 192?
184
What is the remainder when 1510 is divided by 428?
226
Calculate the remainder when 2977 is divided by 105.
37
Calculate the remainder when 49866 is divided by 12.
6
What is the remainder when 803462 is divided by 32138?
12
What is the remainder when 15960 is divided by 1994?
8
What is the remainder when 13550 is divided by 251?
247
What is the remainder when 1098263 is divided by 536?
535
Calculate the remainder when 142968 is divided by 2134.
2124
Calculate the remainder when 4916559 is divided by 2389.
2386
What is the remainder when 100881 is divided by 388?
1
What is the remainder when 4590 is divided by 148?
2
What is the remainder when 5054 is divided by 403?
218
Calculate the remainder when 1222 is divided by 603.
16
Calculate the remainder when 5242 is divided by 1312.
1306
What is the remainder when 11473 is divided by 5736?
1
Calculate the remainder when 258909 is divided by 72.
69
What is the remainder when 223515 is divided by 352?
347
Calculate the remainder when 17604 is divided by 888.
732
Calculate the remainder when 682 is divided by 94.
24
What is the remainder when 15555 is divided by 30?
15
Calculate the remainder when 422707 is divided by 18.
13
Calculate the remainder when 454 is divided by 63.
13
What is the remainder when 675 is divided by 76?
67
What is the remainder when 13670 is divided by 2021?
1544
What is the remainder when 11978 is divided by 499?
2
What is the remainder when 490102 is divided by 209?
206
Calculate the remainder when 1568 is divided by 2.
0
What is the remainder when 175 is divided by 82?
11
Calculate the remainder when 106240 is divided by 37.
13
What is the remainder when 116682 is divided by 62?
60
Calculate the remainder when 3783 is divided by 303.
147
Calculate the remainder when 7678 is divided by 1273.
40
Calculate the remainder when 3751 is divided by 383.
304
What is the remainder when 145347 is divided by 62?
19
What is the remainder when 20639 is divided by 2193?
902
What is the remainder when 37503 is divided by 20?
3
Calculate the remainder when 11300 is divided by 1883.
2
Calculate the remainder when 1483026 is divided by 4.
2
What is the remainder when 228 is divided by 7?
4
Calculate the remainder when 3562 is divided by 276.
250
What is the remainder when 20084 is divided by 83?
81
Calculate the remainder when 4619 is divided by 7.
6
What is the remainder when 868 is divided by 285?
13
Calculate the remainder when 40779 is divided by 156.
63
Calculate the remainder when 14205 is divided by 4733.
6
Calculate the remainde